mon factor of b and 9.
9
Let q(v) = v**2 - 7. Let u be q(6). Let n be (-19 + -10)*(-5 + -2). What is the highest common factor of u and n?
29
Suppose -h = -78 + 75. What is the greatest common factor of h and 6?
3
Suppose o = 2*o - 10. Let w be (21/7)/(6/80). What is the greatest common divisor of o and w?
10
Let t be 3*(44/12 + 0). Calculate the highest common factor of 1 and t.
1
Suppose -60 = -3*m - 5*y, 6*m - 3*y = 4*m + 40. Let n be (-424)/(-14) + (-2)/7. Calculate the highest common factor of m and n.
10
Let y = 90 - 86. Calculate the highest common factor of 14 and y.
2
Let r be (5 + -5)/(2 + -1). Suppose 2*o - 5*t - 22 = r, 0*o + 3*t = 4*o - 58. Calculate the greatest common factor of o and 8.
8
Suppose -h = -2*d - 63, -3*d - 2*h - 100 = -9. Let a(l) = 57*l**3 - l**2 + 1. Let s be a(-1). Let g = d - s. What is the highest common factor of 13 and g?
13
Let n be 320/18 + 2/9. Calculate the greatest common factor of n and 126.
18
Let o(n) = 14*n**2 - n + 1. Let q be o(1). Let y be (0 - -4)/(2/84). Suppose 2*u - 5*u = -y. What is the greatest common divisor of u and q?
14
Let m = 122 + -121. What is the highest common factor of m and 19?
1
Let l = 5 + -19. Let w = 25 + l. What is the greatest common divisor of w and 11?
11
Suppose n + 4 = 4*z, -2*z - 2*n + 1 = -z. Suppose 5 - z = -k. Let v be ((-13)/(-4))/(k/(-16)). What is the highest common divisor of 143 and v?
13
Let g(w) = w**3 + 11*w**2 + 10*w + 8. Let h be g(-8). What is the greatest common factor of 60 and h?
60
Let o(t) = -16*t**3 + t**2 + 3*t + 2. Suppose 4 = x - 5*x. Let i be o(x). What is the highest common factor of i and 112?
16
Let k(v) = 2*v**2 - 4*v + 3. Let r be k(3). Calculate the greatest common factor of r and 63.
9
Let m = -4 + 6. Let a be (1/m)/((-2)/(-120)). Let d be 81/18*(-4)/(-3). Calculate the greatest common factor of a and d.
6
Let c(b) = -b**3 - 4*b**2 + 3*b - 1. Let q be c(-5). Let y be 5 - 2/(0 - -2). Let i be (y/(-3) + 2)*q. What is the greatest common divisor of i and 6?
6
Suppose -b + 2*d + 5 = 6*d, -5*b + d + 4 = 0. Calculate the greatest common factor of b and 6.
1
Let q = 3 + -4. Let n be q/(-2 + 1) - -63. Let f = 174 - n. Calculate the greatest common divisor of f and 11.
11
Let p be 4/(-18) + (-2)/(-9). Suppose 3*z - 2*z - 2 = p. Suppose z*q - 6*q + 320 = 0. Calculate the highest common divisor of 10 and q.
10
Let x be (-3)/(6/(-10))*37. Let t be 79 + -3 + (-4)/2. What is the highest common divisor of x and t?
37
Let y = -1 + 2. Suppose -s - y + 3 = 0. Suppose -20 = -s*z + 46. What is the greatest common divisor of 3 and z?
3
Let f(c) = -4*c + 3. Let y(x) = -x + 5. Let j be y(8). Let z be f(j). Calculate the highest common divisor of z and 105.
15
Suppose 4*k = -0*k. Suppose -2*b = 3*h - k - 9, 3*b + 5*h - 14 = 0. Suppose 0 = -u + b*s + 6 + 11, 5*s = -15. What is the greatest common divisor of 1 and u?
1
Let l be (1 + 2 - 0) + (-56 - -59). Suppose -h + 88 = 2*z, -h = z - 0*h - 46. What is the greatest common factor of z and l?
6
Suppose 0*u - 3*u + 2*t = -6, 4*t = 3*u. Let f be 4/6*18/u. What is the highest common divisor of 9 and f?
3
Suppose 4*n + w + 2*w = 87, -5*n = 3*w - 105. What is the highest common factor of 6 and n?
6
Let a be (0/8)/(2 - 0). Suppose a = -2*c + 7*c - 40. Calculate the highest common factor of 4 and c.
4
Let q be 12*((-12)/(-8) - 1). Suppose -4*c + 2*c + q = 0. Calculate the highest common factor of c and 12.
3
Let r(j) = 6*j + 8*j - 5*j - 2*j. Let p be r(8). Calculate the highest common divisor of p and 7.
7
Let x = 37 + -25. Let q be 3/(-2)*x/(-6). Calculate the greatest common divisor of q and 21.
3
Suppose 0 = 3*p - 2*m - 2 + 3, -3*p = 4*m - 29. Suppose 0 = -p*d - f + 25, d + 4*f = -5 - 5. What is the greatest common factor of d and 30?
10
Suppose 3*u - 4*i + 104 = 0, 20 = 3*i + i. Let g = u + 53. Calculate the highest common factor of 175 and g.
25
Let x(p) = 80*p - 5. Let o be x(2). What is the greatest common factor of 62 and o?
31
Suppose -r = -5 - 19. Suppose -2*m + 48 = -0*m. What is the greatest common factor of m and r?
24
Let x(z) = 3*z + 2. Let q be x(-2). Let v = 0 - q. Calculate the highest common factor of 4 and v.
4
Suppose -3*g = -n + 132, -5*n = -0*n + 4*g - 736. What is the greatest common factor of n and 18?
18
Let s(j) = -j**3 + 4*j**2 + 5*j + 4. Let z be s(5). Let c be 120/21 + 2/7. Let l(r) = r - 4. Let m be l(c). Calculate the highest common factor of z and m.
2
Suppose 0 = 2*g - 5 - 1. Suppose -5*a + 5 + 20 = 0, 5*i - g*a - 80 = 0. Calculate the greatest common factor of i and 19.
19
Let t be (-2)/15 + (-959)/(-105). Let p be 212/6 - 2/(-3). What is the greatest common divisor of t and p?
9
Let j be (-6)/8 + 775/20. Let b = 62 + -5. What is the greatest common factor of b and j?
19
Suppose j = 2*j - 2, 0 = -l + 5*j + 179. Let c = -15 - -36. Calculate the greatest common factor of c and l.
21
Suppose 0 = 4*n - 8. Let q be -15*(n - 4 - -1). Calculate the greatest common factor of 75 and q.
15
Let q be (2 - (3 + 0))*-4. Suppose -2*i = -8, z + 8*i - q*i = 19. Suppose f = -5*n - f + 28, z*n + f = 17. What is the greatest common factor of 66 and n?
6
Suppose 4*o - 8 = 184. What is the highest common divisor of 120 and o?
24
Let r be (1/(3/6))/(6/15). What is the highest common divisor of r and 2?
1
Let s = 163 + 24. Calculate the greatest common factor of 11 and s.
11
Suppose 2*q - 5 - 29 = 0. Calculate the highest common divisor of q and 17.
17
Suppose 0 = 2*f - 20 - 0. What is the greatest common divisor of f and 70?
10
Let w = -15 - -29. Suppose -15 = -6*y + 3*y, 4*d + 3*y - 127 = 0. Calculate the greatest common factor of w and d.
14
Let o(f) = f + 17. Let s be o(-8). What is the greatest common divisor of 18 and s?
9
Let v(t) = 6 + t - t**3 + 2*t + t. Let p be v(-4). Suppose 0 = 2*z, 3*u - 18 = z - 0. Calculate the greatest common factor of p and u.
6
Let m(n) = 2*n**2 - 4*n + 5. Let a be m(4). Let b = a - 10. Suppose -6*w + 2 = -4*w. What is the highest common divisor of w and b?
1
Suppose 6*n - 4*n - 50 = 0. Calculate the greatest common divisor of n and 275.
25
Suppose 4*f + 3*m - 18 = 0, -4*m - m - 10 = 0. What is the greatest common divisor of 6 and f?
6
Let b = 43 - 15. Calculate the highest common divisor of 4 and b.
4
Let m = 106 - 41. Let n = -10 - -23. Calculate the greatest common divisor of n and m.
13
Let x be (-2)/((-1 - -2)/(-6)). Calculate the highest common divisor of 6 and x.
6
Let f = -13 + 18. Let u(i) = -7*i - 5. Let p(m) = -15*m - 10. Let s(o) = -2*p(o) + 5*u(o). Let t be s(-4). Calculate the greatest common factor of t and f.
5
Suppose -4 = o, 2*h - 12 = 3*o + 8. Suppose -4*t = -y + 50, -h*y - 5*t - 55 = -5*y. Suppose 3*z = y + 186. What is the highest common factor of 8 and z?
8
Let v = 433 + -68. Suppose -5*b + v = -3*c, 3*b = -3*c + 2*c + 205. What is the highest common factor of b and 10?
10
Let x(o) = -o**3 + 4*o**2 - 10*o + 15. Let d be x(2). What is the greatest common factor of d and 2?
1
Suppose -3*x + 1 = -5. Let g(t) = 8*t - 1. Let m be g(x). Let c be (-70)/m*6/(-4). What is the greatest common divisor of c and 14?
7
Let a be (-1845)/(-24) + 4/32. What is the highest common divisor of 7 and a?
7
Suppose -5*u - 25 = -70. What is the highest common divisor of 63 and u?
9
Let f(v) = 44*v - 2. Let g be f(1). What is the highest common factor of g and 21?
21
Let n = 9 + -4. Let r be (3 - n - 2)*-2. What is the greatest common divisor of 8 and r?
8
Suppose -4*b = 2*p - 16, -3*b + 2*p - 6*p + 2 = 0. Suppose -u - 2*u = -b. Calculate the highest common divisor of 18 and u.
2
Let b = -5 - 7. Let d be b/(((-1)/(-6))/(-1)). Let p be (-4)/(-14) - (-334)/7. What is the greatest common factor of p and d?
24
Suppose 16 - 6 = p. Calculate the highest common divisor of p and 2.
2
Let b = 83 - 30. Let z = -30 + b. Let l = z - 8. Calculate the greatest common factor of 10 and l.
5
Let r = -4 - -10. Suppose l - r = -2*w, 5*w + 0*l - 28 = 4*l. What is the highest common factor of w and 12?
4
Suppose -2*g + 0*p - 5*p + 44 = 0, 3*p = -2*g + 44. Suppose 0 = -4*j - j + 55. Calculate the greatest common factor of j and g.
11
Let z be 297/6*24/18. Let c(y) = -y**3 + 5*y**2 - 5*y + 3. Let r be c(3). Let b be (-34)/(-6) - (-2)/r. Calculate the greatest common factor of b and z.
6
Let c(h) =